6619
List the prime factors of 32363565.
3, 5, 13, 29, 59, 97
List the prime factors of 2828202041.
7, 19, 37, 317
What are the prime factors of 147193856?
2, 1123
What are the prime factors of 1332172232?
2, 19, 311, 28181
List the prime factors of 28091096.
2, 11, 23, 13879
What are the prime factors of 193139005?
5, 38627801
List the prime factors of 264988704.
2, 3, 23, 43, 2791
List the prime factors of 724626957.
3, 97, 2490127
What are the prime factors of 1446437952?
2, 3, 837059
What are the prime factors of 4364422394?
2, 37, 58978681
What are the prime factors of 115847171?
11, 10531561
List the prime factors of 5318292.
2, 3, 7, 63313
List the prime factors of 30040364.
2, 31, 242261
What are the prime factors of 25277654?
2, 12638827
List the prime factors of 261051266.
2, 7, 101, 353, 523
List the prime factors of 1582988122.
2, 791494061
What are the prime factors of 2224185782?
2, 7, 13, 61, 200341
List the prime factors of 824447433.
3, 233, 1179467
What are the prime factors of 1203517248?
2, 3, 67, 93557
List the prime factors of 275457241.
2699, 102059
What are the prime factors of 89971343?
7, 11, 41, 28499
List the prime factors of 371195254.
2, 293, 719, 881
List the prime factors of 429254724.
2, 3, 43, 831889
What are the prime factors of 45459871?
331, 137341
List the prime factors of 3207835952.
2, 101, 1985047
List the prime factors of 259987477.
17, 1063, 14387
List the prime factors of 2955332132.
2, 738833033
List the prime factors of 6910525813.
6910525813
What are the prime factors of 3060759768?
2, 3, 11, 73, 241, 659
List the prime factors of 45858975.
3, 5, 611453
List the prime factors of 182273476.
2, 7, 11, 97, 6101
What are the prime factors of 96303029?
96303029
What are the prime factors of 151173074?
2, 13, 5814349
What are the prime factors of 5647419550?
2, 5, 17, 6644023
List the prime factors of 4584936416.
2, 853, 167971
What are the prime factors of 869623157?
13, 157, 426077
List the prime factors of 13151991.
3, 419, 10463
List the prime factors of 3212529026.
2, 7, 229466359
List the prime factors of 297190475.
5, 23, 37, 61, 229
What are the prime factors of 54526471?
54526471
List the prime factors of 1006418965.
5, 71, 2834983
List the prime factors of 50886951.
3, 37, 113, 4057
What are the prime factors of 21949597?
79, 3517
What are the prime factors of 2008463717?
13, 5309, 29101
What are the prime factors of 143402754?
2, 3, 11, 941, 2309
What are the prime factors of 307000549?
307000549
List the prime factors of 342797749.
7, 277, 176791
What are the prime factors of 358030981?
7, 11, 37, 125669
What are the prime factors of 1261797670?
2, 5, 7, 163, 110587
List the prime factors of 146964349.
7, 20994907
What are the prime factors of 541300997?
21589, 25073
List the prime factors of 85635946.
2, 11, 23, 169241
List the prime factors of 103001980.
2, 5, 17, 491, 617
List the prime factors of 1259117242.
2, 131, 4805791
What are the prime factors of 50759410?
2, 5, 13, 557, 701
What are the prime factors of 3071168755?
5, 41, 14981311
What are the prime factors of 3455474029?
7, 1889, 261323
List the prime factors of 1909133122.
2, 13, 73428197
List the prime factors of 123635037.
3, 31, 1153
What are the prime factors of 894972716?
2, 11, 101, 201389
What are the prime factors of 457112148?
2, 3, 38092679
List the prime factors of 136289350.
2, 5, 229, 11903
What are the prime factors of 133473661?
109, 1224529
List the prime factors of 371219808.
2, 3, 71, 107, 509
List the prime factors of 74107411.
7, 37, 286129
List the prime factors of 1919846188.
2, 13, 36920119
What are the prime factors of 682116698?
2, 137, 2489477
What are the prime factors of 390202344?
2, 3, 7, 89, 8699
List the prime factors of 940753396.
2, 11, 199, 107441
What are the prime factors of 37426552?
2, 4678319
List the prime factors of 827710836.
2, 3, 68975903
What are the prime factors of 1772876137?
19961, 88817
What are the prime factors of 753381678?
2, 3, 7, 3181, 5639
What are the prime factors of 70323387?
3, 181, 129509
List the prime factors of 31196632.
2, 17, 19, 12073
What are the prime factors of 10577356?
2, 2644339
What are the prime factors of 7611359320?
2, 5, 31, 6138193
What are the prime factors of 64852188?
2, 3, 5404349
What are the prime factors of 73295690?
2, 5, 13, 563813
List the prime factors of 5245595.
5, 179, 5861
What are the prime factors of 964937996?
2, 11, 29, 71, 10651
What are the prime factors of 109484188?
2, 11, 31, 7297
List the prime factors of 1002085076.
2, 250521269
List the prime factors of 666252936.
2, 3, 19, 25633
List the prime factors of 872184111.
3, 1097, 265021
List the prime factors of 31971833.
29, 43, 25639
What are the prime factors of 56926782?
2, 3, 11, 107, 2687
What are the prime factors of 1211159617?
19, 1217, 52379
What are the prime factors of 780783942?
2, 3, 130130657
List the prime factors of 253563637.
47, 5394971
What are the prime factors of 1721781236?
2, 7, 37, 331, 5021
What are the prime factors of 1537120120?
2, 5, 31, 73, 16981
What are the prime factors of 102050148?
2, 3, 41, 5059
List the prime factors of 460053934.
2, 230026967
List the prime factors of 215284621.
215284621
List the prime factors of 743932595.
5, 7, 21255217
List the prime factors of 1277763572.
2, 13687, 23339
List the prime factors of 255535911.
3, 23, 411491
List the prime factors of 803164869.
3, 13, 991, 2309
List the prime factors of 1859071485.
3, 5, 23, 139, 38767
What are the prime factors of 4373715963?
3, 19, 113, 619, 1097
What are the prime factors of 158253970?
2, 5, 7, 2260771
List the prime factors of 58370391.
3, 6485599
What are the prime factors of 851766237?
3, 7, 13520099
What are the prime factors of 763901703?
3, 907, 93581
What are the prime factors of 647442251?
1583, 408997
What are the prime factors of 362737666?
2, 181368833
List the prime factors of 67146651.
3, 11, 13, 17, 31
List the prime factors of 61207751.
11, 71, 109, 719
What are the prime factors of 34864388?
2, 13, 67, 10007
List the prime factors of 147742474.
2, 11, 6715567
What are the prime factors of 578171793?
3, 31, 523, 11887
List the prime factors of 3388867704.
2, 3, 5381, 8747
What are the prime factors of 199165097?
73, 2728289
List the prime factors of 1745005789.
263, 6635003
What are the prime factors of 1822667044?
2, 11, 109, 34549
What are the prime factors of 3262993828?
2, 89, 173, 52981
List the prime factors of 443574239.
443574239
What are the prime factors of 245335633?
83, 2955851
List the prime factors of 42028572.
2, 3, 163, 21487
List the prime factors of 1950588952.
2, 13, 29, 131, 4937
List the prime factors of 261931135.
5, 1531, 34217
List the prime factors of 306803769.
3, 102267923
List the prime factors of 80432635.
5, 37, 59, 7369
List the prime factors of 341415657.
3, 11, 23, 43, 317
What are the prime factors of 1238423873?
22469, 55117
What are the prime factors of 8382972235?
5, 11, 19, 113, 70991
What are the prime factors of 3856554554?
2, 19777, 97501
What are the prime factors of 35085313?
89, 479, 823
What are the prime factors of 209299045?
5, 79, 529871
What are the prime factors of 2321952652?
2, 907, 640009
List the prime factors of 1805947259.
251, 1543, 4663
What are the prime factors of 2239560604?
2, 1097, 510383
What are the prime factors of 105729885?
3, 5, 17, 138209
What are the prime factors of 4754863516?
2, 13, 91439683
What are the prime factors of 1475782206?
2, 3, 17, 14468453
What are the prime factors of 741023779?
607, 1220797
List the prime factors of 85153973.
619, 137567
List the prime factors of 155375678.
2, 29, 113, 151, 157
List the prime factors of 276825180.
2, 3, 5, 4613753
What are the prime factors of 59703192?
2, 3, 829211
What are the prime factors of 12217139?
11, 41, 103, 263
What are the prime factors of 208014040?
2, 5, 13, 17, 23531
What are the prime factors of 228989794?
2, 11, 23, 452549
What are the prime factors of 1905338528?
2, 907, 65647
What are the prime factors of 1170239848?
2, 37, 3953513
What are the prime factors of 30287091?
3, 10095697
List the prime factors of 4857353.
89, 54577
What are the prime factors of 1181800002?
2, 3, 67, 277, 10613
List the prime factor